 is the hundreds digit of 208581?
5
What is the units digit of 1332289?
9
What is the hundreds digit of 1214011?
0
What is the ten thousands digit of 1808647?
0
What is the tens digit of 1953532?
3
What is the units digit of 2064003?
3
What is the tens digit of 362031?
3
What is the hundreds digit of 17948721?
7
What is the ten thousands digit of 999383?
9
What is the ten thousands digit of 1400599?
0
What is the thousands digit of 7122822?
2
What is the hundred thousands digit of 2692777?
6
What is the thousands digit of 492229?
2
What is the hundreds digit of 795445?
4
What is the hundreds digit of 258812?
8
What is the ten thousands digit of 156827?
5
What is the hundreds digit of 139614?
6
What is the hundred thousands digit of 4193378?
1
What is the thousands digit of 846564?
6
What is the thousands digit of 234380?
4
What is the units digit of 236394?
4
What is the hundreds digit of 723596?
5
What is the thousands digit of 953241?
3
What is the ten thousands digit of 272302?
7
What is the millions digit of 2439000?
2
What is the ten thousands digit of 1163318?
6
What is the tens digit of 1996400?
0
What is the tens digit of 2926511?
1
What is the hundreds digit of 22340?
3
What is the tens digit of 615807?
0
What is the thousands digit of 471474?
1
What is the thousands digit of 7585277?
5
What is the thousands digit of 972153?
2
What is the hundreds digit of 1420794?
7
What is the units digit of 10452629?
9
What is the millions digit of 2239880?
2
What is the thousands digit of 67579?
7
What is the ten thousands digit of 90183?
9
What is the hundreds digit of 264355?
3
What is the units digit of 2987389?
9
What is the hundred thousands digit of 1068438?
0
What is the thousands digit of 4380541?
0
What is the millions digit of 1114032?
1
What is the units digit of 9045449?
9
What is the hundred thousands digit of 829991?
8
What is the ten thousands digit of 578806?
7
What is the ten thousands digit of 108015?
0
What is the tens digit of 9129317?
1
What is the ten thousands digit of 288614?
8
What is the ten thousands digit of 31141015?
4
What is the ten millions digit of 23569369?
2
What is the thousands digit of 806964?
6
What is the tens digit of 185099?
9
What is the units digit of 9848356?
6
What is the tens digit of 335154?
5
What is the hundreds digit of 1459217?
2
What is the hundreds digit of 339339?
3
What is the hundred thousands digit of 343852?
3
What is the millions digit of 6003115?
6
What is the hundreds digit of 1921444?
4
What is the hundreds digit of 139676?
6
What is the thousands digit of 149108?
9
What is the thousands digit of 92372?
2
What is the tens digit of 270878?
7
What is the hundreds digit of 289766?
7
What is the hundred thousands digit of 2139981?
1
What is the tens digit of 141306?
0
What is the ten thousands digit of 434746?
3
What is the thousands digit of 394946?
4
What is the ten thousands digit of 1812623?
1
What is the tens digit of 27238676?
7
What is the thousands digit of 306251?
6
What is the hundreds digit of 118618?
6
What is the tens digit of 649121?
2
What is the hundreds digit of 7544?
5
What is the tens digit of 4713355?
5
What is the hundred thousands digit of 317350?
3
What is the thousands digit of 6004369?
4
What is the tens digit of 534287?
8
What is the tens digit of 508699?
9
What is the tens digit of 5591026?
2
What is the hundred thousands digit of 1976367?
9
What is the units digit of 1719933?
3
What is the millions digit of 16689950?
6
What is the tens digit of 5891227?
2
What is the units digit of 1260410?
0
What is the thousands digit of 1856819?
6
What is the thousands digit of 5780330?
0
What is the ten thousands digit of 4985590?
8
What is the units digit of 223571?
1
What is the ten thousands digit of 242263?
4
What is the millions digit of 2471304?
2
What is the thousands digit of 73790?
3
What is the thousands digit of 2481391?
1
What is the thousands digit of 4993?
4
What is the thousands digit of 2111582?
1
What is the hundreds digit of 203831?
8
What is the hundred thousands digit of 3756193?
7
What is the thousands digit of 1586784?
6
What is the thousands digit of 323186?
3
What is the ten millions digit of 24619490?
2
What is the hundred thousands digit of 165281?
1
What is the tens digit of 68325?
2
What is the millions digit of 1070903?
1
What is the thousands digit of 105351?
5
What is the hundred thousands digit of 1205835?
2
What is the tens digit of 92883?
8
What is the units digit of 1629735?
5
What is the hundreds digit of 1884219?
2
What is the ten millions digit of 23914481?
2
What is the hundreds digit of 69351?
3
What is the units digit of 322879?
9
What is the thousands digit of 3761488?
1
What is the ten thousands digit of 32964588?
6
What is the ten thousands digit of 319966?
1
What is the units digit of 1483926?
6
What is the units digit of 275280?
0
What is the units digit of 4941790?
0
What is the tens digit of 39245?
4
What is the tens digit of 323110?
1
What is the tens digit of 19958626?
2
What is the thousands digit of 13282217?
2
What is the units digit of 203699?
9
What is the hundred thousands digit of 740467?
7
What is the units digit of 193267?
7
What is the hundred thousands digit of 147092?
1
What is the hundreds digit of 126369?
3
What is the hundred thousands digit of 147167?
1
What is the hundred thousands digit of 321855?
3
What is the units digit of 1242992?
2
What is the tens digit of 292572?
7
What is the tens digit of 970740?
4
What is the thousands digit of 5792263?
2
What is the units digit of 3416759?
9
What is the millions digit of 1036844?
1
What is the hundred thousands digit of 2826888?
8
What is the millions digit of 30363903?
0
What is the thousands digit of 78555?
8
What is the units digit of 5854759?
9
What is the ten thousands digit of 25420422?
2
What is the thousands digit of 576155?
6
What is the thousands digit of 440102?
0
What is the units digit of 3612145?
5
What is the units digit of 2051992?
2
What is the tens digit of 584812?
1
What is the hundred thousands digit of 1644306?
6
What is the ten thousands digit of 4619109?
1
What is the ten thousands digit of 1921717?
2
What is the units digit of 446129?
9
What is the thousands digit of 31854844?
4
What is the hundreds digit of 1782599?
5
What is the thousands digit of 3219294?
9
What is the thousands digit of 1560260?
0
What is the ten millions digit of 10113506?
1
What is the millions digit of 13665472?
3
What is the tens digit of 207365?
6
What is the thousands digit of 1585204?
5
What is the tens digit of 4213933?
3
What is the ten millions digit of 12651848?
1
What is the thousands digit of 110238?
0
What is the ten thousands digit of 548466?
4
What is the units digit of 2264264?
4
What is the ten thousands digit of 2128008?
2
What is the hundred thousands digit of 449500?
4
What is the ten thousands digit of 1533466?
3
What is the units digit of 510399?
9
What is the thousands digit of 227590?
7
What is the thousands digit of 6294844?
4
What is the thousands digit of 3197731?
7
What is the ten thousands digit of 565277?
6
What is the hundred thousands digit of 23275434?
2
What is the millions digit of 1401026?
1
What is the hundreds digit of 656854?
8
What is the units digit of 5455821?
1
What is the hundred thousands digit of 2408027?
4
What is the hundreds digit of 512685?
6
What is the millions digit of 1562668?
1
What is the units digit of 6211212?
2
What is the hundreds digit of 1478837?
8
What is the tens digit of 125457?
5
What is the tens digit of 1351920?
2
What is the thousands digit of 483901?
3
What is the tens digit of 1760265?
6
What is the millions digit of 11243577?
1
What is the hundreds digit of 51762?
7
What is the tens digit of 5089200?
0
What is the ten thousands digit of 821576?
2
What is the ten thousands digit of 2911556?
1
What is the ten thousands digit of 275867?
7
What is the tens digit of 2420211?
1
What is the thousands digit of 231247?
1
What is the hundreds digit of 1588301?
3
What is the thousands digit of 4268273?
8
What is the tens digit of 29211?
1
What is the tens digit of 209579?
7
What is the thousands digit of 643296?
3
What is the tens digit of 4108663?
6
What is the hundreds digit of 17355?
3
What is the hun